{"id":9,"date":"2016-06-23T09:43:11","date_gmt":"2016-06-23T09:43:11","guid":{"rendered":"http:\/\/vitamix.conasi.eu\/recetas\/?page_id=9"},"modified":"2020-10-15T14:10:19","modified_gmt":"2020-10-15T14:10:19","slug":"la-batidora-mas-potente","status":"publish","type":"page","link":"https:\/\/www.vitamixespana.com\/recetas\/la-batidora-mas-potente\/","title":{"rendered":"La batidora m\u00e1s potente"},"content":{"rendered":"<div id=\"pl-9\"  class=\"panel-layout\" ><div id=\"pg-9-0\"  class=\"panel-grid panel-has-style\" ><div class=\"flexible panel-row-style panel-row-style-for-9-0\" ><div id=\"pgc-9-0-0\"  class=\"panel-grid-cell\" ><div id=\"panel-9-0-0-0\" class=\"so-panel widget widget_siteorigin-panels-builder panel-first-child panel-last-child\" data-index=\"0\" ><div id=\"pl-w579621f50770c\"  class=\"panel-layout\" ><div id=\"pg-w579621f50770c-0\"  class=\"panel-grid panel-has-style\" ><div class=\"container img_destacada panel-row-style panel-row-style-for-w579621f50770c-0\" ><div id=\"pgc-w579621f50770c-0-0\"  class=\"panel-grid-cell\" ><div id=\"panel-w579621f50770c-0-0-0\" class=\"so-panel widget widget_sow-editor panel-first-child panel-last-child\" data-index=\"0\" ><div\n\t\t\t\n\t\t\tclass=\"so-widget-sow-editor so-widget-sow-editor-base\"\n\t\t\t\n\t\t>\n<div class=\"siteorigin-widget-tinymce textwidget\">\n\t<h1 style=\"text-align: center;\"><span style=\"color: #ffffff;\">LA BATIDORA DE VASO M\u00c1S POTENTE<\/span><\/h1>\n<p style=\"text-align: center;\"><span style=\"color: #ffffff;\"><strong>Emplea toda su potencia para realzar los sabores<\/strong><\/span><\/p>\n<p style=\"text-align: center;\"><span style=\"color: #ffffff;\">La alta potencia de las batidoras Vitamix permite una perfecta trituraci\u00f3n de los alimentos, a la vez que mezcla y liga los sabores, creando as\u00ed sabrosas combinaciones. Para el consumidor, es vital que una batidora pueda transformar una serie de ingredientes saludables en una comida sabrosa, ya que el sentido del gusto tambi\u00e9n es importante cuando se trata de llevar un estilo de vida saludable<\/span><\/p>\n<\/div>\n<\/div><\/div><\/div><\/div><\/div><\/div><\/div><\/div><\/div><\/div><div id=\"pg-9-1\"  class=\"panel-grid panel-no-style\" ><div id=\"pgc-9-1-0\"  class=\"panel-grid-cell\" ><div id=\"panel-9-1-0-0\" class=\"so-panel widget widget_siteorigin-panels-builder panel-first-child panel-last-child\" data-index=\"1\" ><div id=\"pl-w5f88584c098f6\"  class=\"panel-layout\" ><div id=\"pg-w5f88584c098f6-0\"  class=\"panel-grid panel-has-style\" ><div class=\"container panel-row-style panel-row-style-for-w5f88584c098f6-0\" ><div id=\"pgc-w5f88584c098f6-0-0\"  class=\"panel-grid-cell\" ><div id=\"panel-w5f88584c098f6-0-0-0\" class=\"so-panel widget widget_sow-editor panel-first-child panel-last-child\" data-index=\"0\" ><div\n\t\t\t\n\t\t\tclass=\"so-widget-sow-editor so-widget-sow-editor-base\"\n\t\t\t\n\t\t>\n<div class=\"siteorigin-widget-tinymce textwidget\">\n\t<h2><b>UNA POTENCIA EFICAZ<br \/><\/b><\/h2>\n<p>Nuestro objetivo no es tener la batidora con m\u00e1s caballos del mercado, sino\u00a0mantener las revoluciones por minuto y la potencia con la jarra llena a lo largo del tiempo.<\/p>\n<p>La fuerza se concentra en todo el sistema de mezclado y esto hace que todos los componentes de la batidora Vitamix trabajen juntos, creando con rapidez mezclas suaves y llenas de sabor.<br \/>\u00a0<\/p>\n<\/div>\n<\/div><\/div><\/div><div id=\"pgc-w5f88584c098f6-0-1\"  class=\"panel-grid-cell\" ><div id=\"panel-w5f88584c098f6-0-1-0\" class=\"so-panel widget widget_sow-image panel-first-child panel-last-child\" data-index=\"1\" ><div\n\t\t\t\n\t\t\tclass=\"so-widget-sow-image so-widget-sow-image-default-e4c2d9f6c920\"\n\t\t\t\n\t\t>\n<div class=\"sow-image-container\">\n\t\t<img \n\tsrc=\"https:\/\/www.vitamixespana.com\/recetas\/wp-content\/uploads\/2016\/06\/Why-Vitamix-Image-600x392-Trained-Power.jpg\" width=\"600\" height=\"392\" srcset=\"https:\/\/www.vitamixespana.com\/recetas\/wp-content\/uploads\/2016\/06\/Why-Vitamix-Image-600x392-Trained-Power.jpg 600w, https:\/\/www.vitamixespana.com\/recetas\/wp-content\/uploads\/2016\/06\/Why-Vitamix-Image-600x392-Trained-Power-300x196.jpg 300w\" sizes=\"(max-width: 600px) 100vw, 600px\" title=\"Why-Vitamix-Image-600&#215;392-Trained-Power\" alt=\"\" \t\tclass=\"so-widget-image\"\/>\n\t<\/div>\n\n<\/div><\/div><\/div><\/div><\/div><\/div><\/div><\/div><\/div><div id=\"pg-9-2\"  class=\"panel-grid panel-no-style\" ><div id=\"pgc-9-2-0\"  class=\"panel-grid-cell\" ><div id=\"panel-9-2-0-0\" class=\"so-panel widget widget_siteorigin-panels-builder panel-first-child panel-last-child\" data-index=\"2\" ><div id=\"pl-w5f88584c099a1\"  class=\"panel-layout\" ><div id=\"pg-w5f88584c099a1-0\"  class=\"panel-grid panel-has-style\" ><div class=\"container panel-row-style panel-row-style-for-w5f88584c099a1-0\" ><div id=\"pgc-w5f88584c099a1-0-0\"  class=\"panel-grid-cell\" ><div id=\"panel-w5f88584c099a1-0-0-0\" class=\"so-panel widget widget_sow-editor panel-first-child panel-last-child\" data-index=\"0\" ><div\n\t\t\t\n\t\t\tclass=\"so-widget-sow-editor so-widget-sow-editor-base\"\n\t\t\t\n\t\t>\n<div class=\"siteorigin-widget-tinymce textwidget\">\n\t<hr \/>\n<\/div>\n<\/div><\/div><\/div><\/div><\/div><\/div><\/div><\/div><\/div><div id=\"pg-9-3\"  class=\"panel-grid panel-no-style\" ><div id=\"pgc-9-3-0\"  class=\"panel-grid-cell\" ><div id=\"panel-9-3-0-0\" class=\"so-panel widget widget_siteorigin-panels-builder panel-first-child\" data-index=\"3\" ><div id=\"pl-w5f88584c09a2b\"  class=\"panel-layout\" ><div id=\"pg-w5f88584c09a2b-0\"  class=\"panel-grid panel-has-style\" ><div class=\"container panel-row-style panel-row-style-for-w5f88584c09a2b-0\" ><div id=\"pgc-w5f88584c09a2b-0-0\"  class=\"panel-grid-cell\" ><div id=\"panel-w5f88584c09a2b-0-0-0\" class=\"so-panel widget widget_sow-editor panel-first-child panel-last-child\" data-index=\"0\" ><div\n\t\t\t\n\t\t\tclass=\"so-widget-sow-editor so-widget-sow-editor-base\"\n\t\t\t\n\t\t>\n<div class=\"siteorigin-widget-tinymce textwidget\">\n\t<h2><b>LA LOCURA DEL SABOR<br \/><\/b><\/h2>\n<p>Una pizca de picante da mucho de s\u00ed en una batidora Vitamix. La potencia del motor y la resistencia de las cuchillas se unen para microtriturar cada ingrediente, realzando su sabor.<\/p>\n<p>As\u00ed que hay que a\u00f1adir poco a poco las especias y aderezos, sobre todo el ajo y la pimienta, e ir rectificando el sabor. <br \/>\u00a0<\/p>\n<\/div>\n<\/div><\/div><\/div><div id=\"pgc-w5f88584c09a2b-0-1\"  class=\"panel-grid-cell\" ><div id=\"panel-w5f88584c09a2b-0-1-0\" class=\"so-panel widget widget_sow-image panel-first-child panel-last-child\" data-index=\"1\" ><div\n\t\t\t\n\t\t\tclass=\"so-widget-sow-image so-widget-sow-image-default-8b5b6f678277\"\n\t\t\t\n\t\t>\n<div class=\"sow-image-container\">\n\t\t<img \n\tsrc=\"https:\/\/www.vitamixespana.com\/recetas\/wp-content\/uploads\/2016\/06\/desata-sabores-vitamix.jpg\" width=\"600\" height=\"392\" srcset=\"https:\/\/www.vitamixespana.com\/recetas\/wp-content\/uploads\/2016\/06\/desata-sabores-vitamix.jpg 600w, https:\/\/www.vitamixespana.com\/recetas\/wp-content\/uploads\/2016\/06\/desata-sabores-vitamix-300x196.jpg 300w\" sizes=\"(max-width: 600px) 100vw, 600px\" alt=\"\" \t\tclass=\"so-widget-image\"\/>\n\t<\/div>\n\n<\/div><\/div><\/div><\/div><\/div><\/div><\/div><div id=\"panel-9-3-0-1\" class=\"so-panel widget widget_siteorigin-panels-builder\" data-index=\"4\" ><div id=\"pl-w5b7acb9fe9413\"  class=\"panel-layout\" ><div id=\"pg-w5b7acb9fe9413-0\"  class=\"panel-grid panel-has-style\" ><div class=\"container panel-row-style panel-row-style-for-w5b7acb9fe9413-0\" ><div id=\"pgc-w5b7acb9fe9413-0-0\"  class=\"panel-grid-cell\" ><div id=\"panel-w5b7acb9fe9413-0-0-0\" class=\"so-panel widget widget_sow-editor panel-first-child panel-last-child\" data-index=\"0\" ><div\n\t\t\t\n\t\t\tclass=\"so-widget-sow-editor so-widget-sow-editor-base\"\n\t\t\t\n\t\t>\n<div class=\"siteorigin-widget-tinymce textwidget\">\n\t<hr \/>\n<\/div>\n<\/div><\/div><\/div><\/div><\/div><\/div><\/div><div id=\"panel-9-3-0-2\" class=\"so-panel widget widget_siteorigin-panels-builder panel-last-child\" data-index=\"5\" ><div id=\"pl-w5f88584c09abf\"  class=\"panel-layout\" ><div id=\"pg-w5f88584c09abf-0\"  class=\"panel-grid panel-has-style\" ><div class=\"container panel-row-style panel-row-style-for-w5f88584c09abf-0\" ><div id=\"pgc-w5f88584c09abf-0-0\"  class=\"panel-grid-cell\" ><div id=\"panel-w5f88584c09abf-0-0-0\" class=\"so-panel widget widget_sow-editor panel-first-child panel-last-child\" data-index=\"0\" ><div\n\t\t\t\n\t\t\tclass=\"so-widget-sow-editor so-widget-sow-editor-base\"\n\t\t\t\n\t\t>\n<div class=\"siteorigin-widget-tinymce textwidget\">\n\t<h2><b>DISFRACE\u00a0LAS VERDURAS<\/b><\/h2>\n<p>Juegue con las verduras para elaborar deliciosas recetas para ni\u00f1os. Con Vitamix, transforme la comida que los m\u00e1s peque\u00f1os <em>deben<\/em> comer en la que <em>quieren<\/em> comer, disfrazando el sabor de las verduras que menos les gustan.\u00a0<\/p>\n<p>Las batidoras Vitamix le dar\u00e1n todo el poder que necesita para homogeneizar los ingredientes mezclando sabores, para crear combinaciones a\u00fan m\u00e1s sabrosas. Sin trozos, sin pulpa, sin semillas y sin verduras, al menos en apariencia...<br \/>\u00a0<\/p>\n<\/div>\n<\/div><\/div><\/div><div id=\"pgc-w5f88584c09abf-0-1\"  class=\"panel-grid-cell\" ><div id=\"panel-w5f88584c09abf-0-1-0\" class=\"so-panel widget widget_sow-image panel-first-child panel-last-child\" data-index=\"1\" ><div\n\t\t\t\n\t\t\tclass=\"so-widget-sow-image so-widget-sow-image-default-8b5b6f678277\"\n\t\t\t\n\t\t>\n<div class=\"sow-image-container\">\n\t\t<img \n\tsrc=\"https:\/\/www.vitamixespana.com\/recetas\/wp-content\/uploads\/2016\/06\/verduras-vitamix.jpg\" width=\"600\" height=\"392\" srcset=\"https:\/\/www.vitamixespana.com\/recetas\/wp-content\/uploads\/2016\/06\/verduras-vitamix.jpg 600w, https:\/\/www.vitamixespana.com\/recetas\/wp-content\/uploads\/2016\/06\/verduras-vitamix-300x196.jpg 300w\" sizes=\"(max-width: 600px) 100vw, 600px\" alt=\"\" \t\tclass=\"so-widget-image\"\/>\n\t<\/div>\n\n<\/div><\/div><\/div><\/div><\/div><\/div><\/div><\/div><\/div><\/div>","protected":false},"excerpt":{"rendered":"<p>LA BATIDORA DE VASO M\u00c1S POTENTE Emplea toda su potencia para realzar los sabores La alta potencia de las batidoras Vitamix permite una perfecta trituraci\u00f3n de los alimentos, a la vez que mezcla y liga los sabores, creando as\u00ed sabrosas combinaciones. Para el consumidor, es vital que una batidora pueda transformar una serie de ingredientes [&hellip;]<\/p>\n","protected":false},"author":1,"featured_media":0,"parent":0,"menu_order":0,"comment_status":"closed","ping_status":"closed","template":"page-fullwidth.php","meta":{"footnotes":""},"class_list":["post-9","page","type-page","status-publish","hentry"],"yoast_head":"<!-- This site is optimized with the Yoast SEO plugin v26.1 - https:\/\/yoast.com\/wordpress\/plugins\/seo\/ -->\n<title>Vitamix - La batidora de vaso m\u00e1s potente del mercado<\/title>\n<meta name=\"description\" content=\"La alta potencia de las batidoras Vitamix permite una perfecta trituraci\u00f3n de los alimentos, a la vez que mezcla y liga los sabores.\" \/>\n<meta name=\"robots\" content=\"index, follow, max-snippet:-1, max-image-preview:large, max-video-preview:-1\" \/>\n<link rel=\"canonical\" href=\"https:\/\/www.vitamixespana.com\/recetas\/la-batidora-mas-potente\/\" \/>\n<meta property=\"og:locale\" content=\"es_ES\" \/>\n<meta property=\"og:type\" content=\"article\" \/>\n<meta property=\"og:title\" content=\"Vitamix - La batidora de vaso m\u00e1s potente del mercado\" \/>\n<meta property=\"og:description\" content=\"La alta potencia de las batidoras Vitamix permite una perfecta trituraci\u00f3n de los alimentos, a la vez que mezcla y liga los sabores.\" \/>\n<meta property=\"og:url\" content=\"https:\/\/www.vitamixespana.com\/recetas\/la-batidora-mas-potente\/\" \/>\n<meta property=\"og:site_name\" content=\"Recetas Vitamix\" \/>\n<meta property=\"article:modified_time\" content=\"2020-10-15T14:10:19+00:00\" \/>\n<meta property=\"og:image\" content=\"https:\/\/www.vitamixespana.com\/recetas\/wp-content\/uploads\/2016\/06\/Why-Vitamix-Image-600x392-Trained-Power.jpg\" \/>\n<meta name=\"twitter:card\" content=\"summary_large_image\" \/>\n<meta name=\"twitter:label1\" content=\"Tiempo de lectura\" \/>\n\t<meta name=\"twitter:data1\" content=\"1 minuto\" \/>\n<script type=\"application\/ld+json\" class=\"yoast-schema-graph\">{\"@context\":\"https:\/\/schema.org\",\"@graph\":[{\"@type\":\"WebPage\",\"@id\":\"https:\/\/www.vitamixespana.com\/recetas\/la-batidora-mas-potente\/\",\"url\":\"https:\/\/www.vitamixespana.com\/recetas\/la-batidora-mas-potente\/\",\"name\":\"Vitamix - La batidora de vaso m\u00e1s potente del mercado\",\"isPartOf\":{\"@id\":\"https:\/\/www.vitamixportugal.com\/recetas\/#website\"},\"primaryImageOfPage\":{\"@id\":\"https:\/\/www.vitamixespana.com\/recetas\/la-batidora-mas-potente\/#primaryimage\"},\"image\":{\"@id\":\"https:\/\/www.vitamixespana.com\/recetas\/la-batidora-mas-potente\/#primaryimage\"},\"thumbnailUrl\":\"https:\/\/www.vitamixespana.com\/recetas\/wp-content\/uploads\/2016\/06\/Why-Vitamix-Image-600x392-Trained-Power.jpg\",\"datePublished\":\"2016-06-23T09:43:11+00:00\",\"dateModified\":\"2020-10-15T14:10:19+00:00\",\"description\":\"La alta potencia de las batidoras Vitamix permite una perfecta trituraci\u00f3n de los alimentos, a la vez que mezcla y liga los sabores.\",\"breadcrumb\":{\"@id\":\"https:\/\/www.vitamixespana.com\/recetas\/la-batidora-mas-potente\/#breadcrumb\"},\"inLanguage\":\"es\",\"potentialAction\":[{\"@type\":\"ReadAction\",\"target\":[\"https:\/\/www.vitamixespana.com\/recetas\/la-batidora-mas-potente\/\"]}]},{\"@type\":\"ImageObject\",\"inLanguage\":\"es\",\"@id\":\"https:\/\/www.vitamixespana.com\/recetas\/la-batidora-mas-potente\/#primaryimage\",\"url\":\"https:\/\/www.vitamixespana.com\/recetas\/wp-content\/uploads\/2016\/06\/Why-Vitamix-Image-600x392-Trained-Power.jpg\",\"contentUrl\":\"https:\/\/www.vitamixespana.com\/recetas\/wp-content\/uploads\/2016\/06\/Why-Vitamix-Image-600x392-Trained-Power.jpg\",\"width\":600,\"height\":392},{\"@type\":\"BreadcrumbList\",\"@id\":\"https:\/\/www.vitamixespana.com\/recetas\/la-batidora-mas-potente\/#breadcrumb\",\"itemListElement\":[{\"@type\":\"ListItem\",\"position\":1,\"name\":\"Inicio\",\"item\":\"https:\/\/www.vitamixespana.com\/\"},{\"@type\":\"ListItem\",\"position\":2,\"name\":\"Recetas\",\"item\":\"https:\/\/www.vitamixespana.com\/recetas\/\"},{\"@type\":\"ListItem\",\"position\":3,\"name\":\"La batidora m\u00e1s potente\"}]},{\"@type\":\"WebSite\",\"@id\":\"https:\/\/www.vitamixportugal.com\/recetas\/#website\",\"url\":\"https:\/\/www.vitamixportugal.com\/recetas\/\",\"name\":\"Recetas Vitamix\",\"description\":\"Recetas realizadas con Vitamix, la mejor batidora.\",\"potentialAction\":[{\"@type\":\"SearchAction\",\"target\":{\"@type\":\"EntryPoint\",\"urlTemplate\":\"https:\/\/www.vitamixportugal.com\/recetas\/?s={search_term_string}\"},\"query-input\":{\"@type\":\"PropertyValueSpecification\",\"valueRequired\":true,\"valueName\":\"search_term_string\"}}],\"inLanguage\":\"es\"}]}<\/script>\n<!-- \/ Yoast SEO plugin. -->","yoast_head_json":{"title":"Vitamix - La batidora de vaso m\u00e1s potente del mercado","description":"La alta potencia de las batidoras Vitamix permite una perfecta trituraci\u00f3n de los alimentos, a la vez que mezcla y liga los sabores.","robots":{"index":"index","follow":"follow","max-snippet":"max-snippet:-1","max-image-preview":"max-image-preview:large","max-video-preview":"max-video-preview:-1"},"canonical":"https:\/\/www.vitamixespana.com\/recetas\/la-batidora-mas-potente\/","og_locale":"es_ES","og_type":"article","og_title":"Vitamix - La batidora de vaso m\u00e1s potente del mercado","og_description":"La alta potencia de las batidoras Vitamix permite una perfecta trituraci\u00f3n de los alimentos, a la vez que mezcla y liga los sabores.","og_url":"https:\/\/www.vitamixespana.com\/recetas\/la-batidora-mas-potente\/","og_site_name":"Recetas Vitamix","article_modified_time":"2020-10-15T14:10:19+00:00","og_image":[{"url":"https:\/\/www.vitamixespana.com\/recetas\/wp-content\/uploads\/2016\/06\/Why-Vitamix-Image-600x392-Trained-Power.jpg","type":"","width":"","height":""}],"twitter_card":"summary_large_image","twitter_misc":{"Tiempo de lectura":"1 minuto"},"schema":{"@context":"https:\/\/schema.org","@graph":[{"@type":"WebPage","@id":"https:\/\/www.vitamixespana.com\/recetas\/la-batidora-mas-potente\/","url":"https:\/\/www.vitamixespana.com\/recetas\/la-batidora-mas-potente\/","name":"Vitamix - La batidora de vaso m\u00e1s potente del mercado","isPartOf":{"@id":"https:\/\/www.vitamixportugal.com\/recetas\/#website"},"primaryImageOfPage":{"@id":"https:\/\/www.vitamixespana.com\/recetas\/la-batidora-mas-potente\/#primaryimage"},"image":{"@id":"https:\/\/www.vitamixespana.com\/recetas\/la-batidora-mas-potente\/#primaryimage"},"thumbnailUrl":"https:\/\/www.vitamixespana.com\/recetas\/wp-content\/uploads\/2016\/06\/Why-Vitamix-Image-600x392-Trained-Power.jpg","datePublished":"2016-06-23T09:43:11+00:00","dateModified":"2020-10-15T14:10:19+00:00","description":"La alta potencia de las batidoras Vitamix permite una perfecta trituraci\u00f3n de los alimentos, a la vez que mezcla y liga los sabores.","breadcrumb":{"@id":"https:\/\/www.vitamixespana.com\/recetas\/la-batidora-mas-potente\/#breadcrumb"},"inLanguage":"es","potentialAction":[{"@type":"ReadAction","target":["https:\/\/www.vitamixespana.com\/recetas\/la-batidora-mas-potente\/"]}]},{"@type":"ImageObject","inLanguage":"es","@id":"https:\/\/www.vitamixespana.com\/recetas\/la-batidora-mas-potente\/#primaryimage","url":"https:\/\/www.vitamixespana.com\/recetas\/wp-content\/uploads\/2016\/06\/Why-Vitamix-Image-600x392-Trained-Power.jpg","contentUrl":"https:\/\/www.vitamixespana.com\/recetas\/wp-content\/uploads\/2016\/06\/Why-Vitamix-Image-600x392-Trained-Power.jpg","width":600,"height":392},{"@type":"BreadcrumbList","@id":"https:\/\/www.vitamixespana.com\/recetas\/la-batidora-mas-potente\/#breadcrumb","itemListElement":[{"@type":"ListItem","position":1,"name":"Inicio","item":"https:\/\/www.vitamixespana.com\/"},{"@type":"ListItem","position":2,"name":"Recetas","item":"https:\/\/www.vitamixespana.com\/recetas\/"},{"@type":"ListItem","position":3,"name":"La batidora m\u00e1s potente"}]},{"@type":"WebSite","@id":"https:\/\/www.vitamixportugal.com\/recetas\/#website","url":"https:\/\/www.vitamixportugal.com\/recetas\/","name":"Recetas Vitamix","description":"Recetas realizadas con Vitamix, la mejor batidora.","potentialAction":[{"@type":"SearchAction","target":{"@type":"EntryPoint","urlTemplate":"https:\/\/www.vitamixportugal.com\/recetas\/?s={search_term_string}"},"query-input":{"@type":"PropertyValueSpecification","valueRequired":true,"valueName":"search_term_string"}}],"inLanguage":"es"}]}},"_links":{"self":[{"href":"https:\/\/www.vitamixespana.com\/recetas\/wp-json\/wp\/v2\/pages\/9","targetHints":{"allow":["GET"]}}],"collection":[{"href":"https:\/\/www.vitamixespana.com\/recetas\/wp-json\/wp\/v2\/pages"}],"about":[{"href":"https:\/\/www.vitamixespana.com\/recetas\/wp-json\/wp\/v2\/types\/page"}],"author":[{"embeddable":true,"href":"https:\/\/www.vitamixespana.com\/recetas\/wp-json\/wp\/v2\/users\/1"}],"replies":[{"embeddable":true,"href":"https:\/\/www.vitamixespana.com\/recetas\/wp-json\/wp\/v2\/comments?post=9"}],"version-history":[{"count":88,"href":"https:\/\/www.vitamixespana.com\/recetas\/wp-json\/wp\/v2\/pages\/9\/revisions"}],"predecessor-version":[{"id":3735,"href":"https:\/\/www.vitamixespana.com\/recetas\/wp-json\/wp\/v2\/pages\/9\/revisions\/3735"}],"wp:attachment":[{"href":"https:\/\/www.vitamixespana.com\/recetas\/wp-json\/wp\/v2\/media?parent=9"}],"curies":[{"name":"wp","href":"https:\/\/api.w.org\/{rel}","templated":true}]}}